(m)?
-3
Suppose 18*t - 1474 = 7*t. Let o(b) = -3*b**3 - 2*b + b**2 - 135 + t + 2*b. Calculate o(-1).
3
Let r(d) = 33 + 36 - 69 - d**2 + d. Let w(f) = -5*f**2 + 16*f - 2. Let x(z) = 4*r(z) - w(z). Give x(11).
-9
Let z(y) = 391 - 758 + 31*y**2 - 13*y**2 + 464 + 37*y + y**3 + 17*y**2. Determine z(-34).
-5
Let v(k) be the second derivative of k**5/20 + k**4/12 + k**3/6 - 9*k**2/2 + 4*k. Suppose 137*s - 141*s + 3*r + 9 = 0, 4*s + 12 = -4*r. Determine v(s).
-9
Let m(u) be the second derivative of u**5/60 + u**4/24 + 9*u**3/2 - 52*u - 2. Let p(x) be the second derivative of m(x). Determine p(-1).
-1
Let u(d) = -d**2 - 5*d + 18. Suppose 3669 = -15*w + 3774. What is u(w)?
-66
Let u be (36/20)/((-3)/(-110)). Let p(i) = i - u + 126 - 58. Determine p(1).
3
Suppose 0 = 37*v - 57*v - 60. Let j(f) = 5*f - 8. Let m(n) = -4*n + 7. Let s(t) = 5*j(t) + 6*m(t). Determine s(v).
-1
Suppose 24 = -132*g + 144*g. Suppose -5*v = -g*h + 6, -h + 11*v - 9*v + 2 = 0. Let l(b) = -3*b. What is l(h)?
6
Let l(z) be the second derivative of z**4/12 - 3*z**2 - 68*z. What is l(-5)?
19
Let x(a) = 2*a**2 + 2*a + 1. Let m(j) be the second derivative of j**3/2 + 19*j**2/2 - 62*j. Let z be m(-7). Give x(z).
5
Let u(z) = z**3 + 9*z**2 - 11*z - 8. Suppose h + 5*y - 125 = 0, -3*y - 273 - 135 = -4*h. Let k = 95 - h. What is u(k)?
2
Let x(z) = z - 4. Suppose 0*j = 3*j + 2*n + 112, -117 = 3*j + 3*n. Let b = 68 + j. Suppose 30*f = b*f + 24. What is x(f)?
-10
Let i(j) = j**2 - 5*j - 13. Let v(b) = -41*b**2 + 83*b + 7. Let f be v(2). Give i(f).
23
Suppose -153*l + 1878 = -3877 - 518. Let j(y) = y**3 - 41*y**2 - y + 55. Calculate j(l).
14
Let i be 1/2*(19 - 17). Let s be i - 8/(16/(-6)). Let m(n) = -5*n - 12. Let f(v) = 3*v + 8. Let u(y) = -8*f(y) - 5*m(y). What is u(s)?
0
Suppose 24*z - 26*z - y + 16 = 0, -4*z + 32 = -5*y. Let t(a) = a**2 + 7*a - 42. Determine t(z).
78
Suppose 4*o + a + 135 = 0, -84 = 3*o + 470*a - 475*a. Let w(b) = b**3 + 34*b**2 + 32*b - 36. What is w(o)?
-3
Let f be ((-10)/4 - -2)*0. Suppose 4*r = a + 4, f*r + a + 1 = r. Let p(z) = 163 - 90 + z**2 - 24*z**2 + z - 74. Determine p(r).
-23
Let d(o) = -40*o - o**2 - 14 - 33*o - 41*o + 106*o. Calculate d(-5).
1
Let g(o) = 82*o - o**2 + 6 + 7*o**2 - 90*o - o**3. Let f = -349 + 354. What is g(f)?
-9
Let y(j) = j**3 + 6*j**2 + 5*j - 9. Suppose 4533*n - 25 = 4538*n. Give y(n).
-9
Suppose 5*z - 6 = 8*z. Suppose -16 = -5*m - 1. Let u(c) = -5*c + 9*c + 2*c + m - 4*c. Calculate u(z).
-1
Let j(w) be the first derivative of -8*w - 1/3*w**3 + 134 - 9/2*w**2. Determine j(-5).
12
Let i(z) = -49*z**2 - 6*z + 3. Let q(x) = -107*x**2 - 12*x + 7. Let t(v) = -13*i(v) + 6*q(v). Calculate t(4).
-53
Let f(y) be the first derivative of y**3/3 + 7*y**2/2 + 8*y - 16501. Let m = 16 - 11. Suppose 5*u + 54 = -5*q + 4, -26 = m*u - q. Calculate f(u).
2
Let k(f) = -f - 13. Suppose 37 = 12*b - 59. Suppose 14*j - 20*j = -b*j. Calculate k(j).
-13
Let g(u) = 27*u**3 + 17*u**2 + 5*u - 28. Let o(a) = 17*a**3 + 11*a**2 + 3*a - 18. Let c(d) = -5*g(d) + 8*o(d). Suppose 5 = -2*x - 1. Determine c(x).
-1
Let z(g) = 3*g**3 - 20*g**2 - 24*g - 4. Let h(s) = 2*s**3 - 13*s**2 - 15*s - 3. Let i(v) = 8*h(v) - 5*z(v). Suppose 5*d - 134 + 119 = 0. Give i(d).
-13
Let m(q) = 14*q. Suppose 4*n = -r - 18, -5*r - 2*n = -50 + 32. What is m(r)?
84
Let l = -47 + 57. Suppose 5*h - 25 = -5*i, -h - i = -5*i + l. Let w(y) = 3*y + h + 6*y**3 + 7*y**2 + 5*y - 7*y**3 - 7. Determine w(8).
-5
Suppose 15*a = 141 + 84. Let z(u) = a - 59 + 46 - u**3 + u**2. What is z(2)?
-2
Suppose -4*n + 16 = -0*i + 2*i, 17 = 4*i + 3*n. Suppose -38 + 32 = -i*j. Let t(w) = -4*w. Give t(j).
-12
Suppose -x + 3*w = -2*w - 409, -2*x = -4*w - 848. Let t = -436 + x. Let l(j) = j - 1. Let y(o) = -5*o + 5. Let h(q) = -6*l(q) - y(q). Give h(t).
3
Let y(j) = 16260*j**2 - 18*j - 39 - 16261*j**2 - 26. Give y(-6).
7
Let y(s) = -7*s + 210. Let i be y(30). Suppose -f + g = i, -12*f - 2*g = -16*f + 6. Let t(h) = -h**3 + 2*h**2 + 2*h - 2. Give t(f).
-5
Let o = -3593 + 3599. Let n(u) = 2*u**2 - 2*u - 68. Give n(o).
-8
Let t(y) = -10*y + 3. Let s be -9*(0 - (-3)/(-9)). Let x(q) = -70*q + 20. Let h(j) = s*x(j) - 20*t(j). Calculate h(1).
-10
Let d(w) = -5*w**2 + 5*w - 7. Let v be d(2). Let x = v - -22. Suppose 0 = 4*t - x*b + 44, 0*b - 3*b = -3*t - 30. Let j(q) = q**2 + 6*q + 3. Determine j(t).
3
Let m(z) be the third derivative of 17*z**4/24 + 113*z**3/6 - 1631*z**2. Give m(-6).
11
Let o be (-103)/(6/18*3). Let t = -86 - o. Let y(j) = -j**3 + 16*j**2 + 17*j - 5. What is y(t)?
-5
Let g(v) = -v**2 + v + 5. Suppose -27*u + 78 = -u. Suppose -5*k + 11 + 20 = 4*s, -u*k - 3 = -3*s. What is g(s)?
-7
Let v(j) = 61*j + 194. Let u(l) = 31*l + 103. Let y(t) = -5*u(t) + 3*v(t). Give y(-3).
-17
Let u be (-116)/30 + 6 + 644/(-105). Let h(i) = 3*i**2 - 4. Let g(m) = -7*m**2 + m + 10. Let c(p) = u*g(p) - 9*h(p). What is c(4)?
-4
Let r = -41 + 31. Let i be (r/6)/(45/(-189)). Let d(p) = 2*p**2 - 16*p + 9. Determine d(i).
-5
Suppose 32*i - 29*i - 360 = 0. Let w = i + -114. Let q(z) = z**2 - 4*z - 14. Calculate q(w).
-2
Let y(p) be the first derivative of -8/3*p**3 + p**2 + 11*p - 1/4*p**4 + 22. Calculate y(-8).
-5
Let u(f) = -5 + 6*f**2 + 9 + 3 - f**3 - f**2. Suppose 5*c = 2*s + 6, -10 = 2*s - 3*c - 4. Let i = 8 + s. Determine u(i).
7
Let t(g) = -11*g**2 + g. Suppose -3*s - 4*c = -9, 3*s + 3*c - 7 = 2. Let h be (-80)/(-280) + (-38)/(-14). Suppose 6*z = s*z - h. Give t(z).
-12
Let c(h) = -h**3 + 13*h**2 + h - 2. Suppose -13 = 3*p - 13 - 39. Determine c(p).
11
Let v(z) = -20*z + 11*z - 4 + 10*z. Let i be 136/(-16) + (-3)/6. Let x = -2 - i. What is v(x)?
3
Suppose r = -2*r. Let d(l) = -151 + 229*l - 228*l + 154. Give d(r).
3
Let u(n) = 7*n**3 + 10*n**2 + 14*n + 1. Let h(q) = -16*q**3 - 20*q**2 - 30*q - 1. Let f(p) = -3*h(p) - 7*u(p). Give f(-9).
-13
Suppose -5*y - 21 = 4*t, -227 + 211 = 4*y + 3*t. Let u(a) = 43*a**3 + 3*a + 2. Determine u(y).
-44
Suppose -13 = -a + 23. Suppose 0 = -7*x + 13 + a. Let f(j) = 4 - 4*j**3 - 6*j + 9*j**3 - j**3 + x*j**2 - 5*j**3. Calculate f(6).
4
Let c(i) be the second derivative of 1/3*i**3 + 0 + 56*i + 19/2*i**2. Determine c(0).
19
Suppose 135*k + 8 = 137*k + 3*m, 44 = 4*k - m. Let r(g) = -4*g + 7. Calculate r(k).
-33
Let g(p) = -p**2 - 13*p - 373 + 753 - 371. Give g(-14).
-5
Let a(h) = -h**3 + 5*h**2 - 3*h + 9. Let w = 2230 + -2225. What is a(w)?
-6
Let x(t) = 2*t**2 + 81*t + 491. Let w be x(-33). Let y(l) = l**3 + 6*l**2 + 7*l - 6. Determine y(w).
-2
Suppose 0 = -4*m + 16 - 0. Suppose 0 = v + m*t + 20, -3*v + 0*t = t + 5. Suppose 3*f + v = 5*h + 39, -4*f = 2*h. Let r(w) = w + 2. Determine r(h).
-4
Let r = 40 - 15. Suppose r*u - 21*u = 20. Let q(k) = 15*k**3 + u*k**2 + 21*k**3 - 35*k**3 + 4*k**2 - 1. Give q(-9).
-1
Suppose -50 = -23*b + 21*b. Suppose -b*g = -20*g - 15. Let h(c) be the third derivative of c**4/8 - c**3/2 + 6*c**2. What is h(g)?
6
Let b be ((-1)/2)/(11/99*12/(-8)). Let z(w) = -w**3 + 3*w - 4. Calculate z(b).
-22
Suppose 0 = -5*n + 311 + 239. Suppose 10*r - 211 = 869. Let j = r - n. Let i(a) = -3*a**3 + a + 2. Give i(j).
24
Let v(y) be the second derivative of -y**3/6 - y**2 + 1295*y. Determine v(-2).
0
Suppose 5*v = -6*l + 3*l + 95, -l = 5*v - 45. Suppose -112 = -l*m + 63. Let t(o) = -o**3 + 7*o**2 + o - 2. Determine t(m).
5
Let p = 457 - 448. Suppose 9 = p*y - 0. Let s(b) = 2*b - 2. Give s(y).
0
Let y(r) be the second derivative of r**5/20 - r**3/2 - 2*r**2 + 74*r + 2. Let j(w) = w**3 + 19*w**2 + 17*w - 15. Let t be j(-18). Give y(t).
14
Suppose -2*g + 5*t = 11, -9 + 3 = g - 3*t. Let r(p) = 8*p**2 + 2*p - 6. Give r(g).
60
Let p(l) = l**2 - 3*l. Let b = -1868 - -1874. Give p(b).
18
Let l = -86 + 80. Let p(j) be the second derivative of j**5/20 + j**4/2 - 3*j**2/2 - 2*j. Give p(l).
-3
Let m = -149 + 83. Let y = m + 84. Let j be (-4)/(-2)*(-45)/y. Let f(c) = c + 10. What is f(j)?
5
Let u(k) = -7*k - 3. Let j(o) = 9*o**2 - 8*o + 24. Let t be j(5). Let w = -211 + t. Determine u(w).
11
Let c(v) = -49*v + 681. Suppose 3*s + 2*j = 46, 38*j = s + 30*j + 2. Determine c(s).
-5
Let b(v) = -v**2 + 13*v - 17. Let u be (-300)/(-27) - (-13 + 5/(225/590)). Calculate b(u).
5
Suppose 0 = 7*n - 6 - 15. Let p(v) = -3 - 5*v - 4*v + n*v + 129*v**2 - 130*v**2. Determine p(-6).
-3
Let y = 3308 - 3288. Let p(s) = -2*s + 35. What i